-2 + 5/((-3)/d)?
1
Suppose 0*z = z - 62. Let j = z + -35. Calculate the remainder when 80 is divided by j.
26
Let g = -4 - -8. Let x = 5 - 1. Suppose -10 + x = -3*u. Calculate the remainder when g is divided by u.
0
Let z(i) = 7*i**2 - 2*i - 2. Suppose -2*s + 6 = s. Let q(n) = -n**2 - 9*n + 12. Calculate the remainder when z(s) is divided by q(-9).
10
Suppose 3*r + 4*a - 152 = 161, -5*r + 5*a = -545. Calculate the remainder when r is divided by 27.
26
Let w = -3 + 11. Let o = w - 6. What is the remainder when o is divided by 1?
0
Let h(f) = f**3 + f**2 - f. Let o be h(-2). Let u be (o - -1)/(2/(-10)). Suppose u*t = 74 - 4. What is the remainder when t is divided by 5?
4
Suppose 20 = 5*r - 60. Let g(s) = 8*s + 7. What is the remainder when g(5) is divided by r?
15
Let u = 1 - -3. Suppose 4*v - 22 = 2*t, -3*t - u*v = v + 44. Let f = -10 - t. What is the remainder when 5 is divided by f?
2
Let o be (0 + 0)*1/4. Let b = 3 - o. What is the remainder when b is divided by 3?
0
Suppose -5*k - 159 = -2*a - a, 5*k + 212 = 4*a. What is the remainder when a is divided by 27?
26
Suppose 4*p = -5*z - 12 + 3, -8 = 3*p + 5*z. Let r = 11 + p. Calculate the remainder when 27 is divided by r.
7
Let v(b) = 2*b**2 - 10*b + 3. What is the remainder when v(7) is divided by (2/4 + (-6)/(-4))*4?
7
Suppose 5*i + 5*c = 3*i + 167, -2*c = i - 85. What is the remainder when i is divided by 23?
22
Suppose 5*x - 117 = h, 2*x - 5*h + 3 = 59. Calculate the remainder when x is divided by 8.
7
Suppose -4*x = 3*q - 28, -3*x + 9 = -3. What is the remainder when 6 is divided by q?
2
Suppose -a + 25 = 5*j, 0*j + j = -3. Calculate the remainder when a is divided by 11.
7
Let v = -4 + 25. Let o be (-6)/9*-39 + 2. Let l = o - 17. What is the remainder when v is divided by l?
10
Let g = 90 + -45. Calculate the remainder when g is divided by (-1 - -14) + (2 - -1).
13
Let r = -7 - -10. Suppose -r*q = -8*u + 3*u + 74, 3*u = 5*q + 54. What is the remainder when u is divided by ((-2)/(-6))/(1/15)?
3
Suppose -73 + 17 = -4*j. Let c = -7 + j. Let v = 59 - 39. What is the remainder when v is divided by c?
6
Let o(b) = b**3 + 5*b**2 - 3*b + 4. Suppose 0*z = -2*z - 2. Let j(x) = -5*x**2 - x - 1. Let s be j(z). What is the remainder when 56 is divided by o(s)?
18
Suppose -118 = -5*d + 67. Calculate the remainder when d is divided by 19.
18
Suppose 0 = 2*k - 0*k + 4*o - 16, -5*k = 5*o - 60. Suppose 6*u - 3*t = u + 232, -5*u - t + 236 = 0. What is the remainder when u is divided by k?
15
Suppose 0 = -r + 3, 4*q + r = 22 + 37. What is the remainder when q is divided by 6/4 - 65/(-10)?
6
Let c be (-16)/(-1 - 1) - -2. Let a = 22 - c. Suppose a = -0*k + 3*k. Calculate the remainder when 11 is divided by k.
3
What is the remainder when (-554)/(-3)*(-18)/(-12) is divided by 31?
29
Let o = -90 + 95. Suppose 0 = 3*h - 24 - 9. Calculate the remainder when h is divided by o.
1
Let g = -6 + 0. Let z = 3 - -1. What is the remainder when (-12)/((g*1)/3) is divided by z?
2
Calculate the remainder when 30 is divided by (7/((-21)/(-96)))/2.
14
Let t be ((-16)/(-1))/((-4)/(-6)). Let w = t - -10. What is the remainder when w is divided by 12?
10
Suppose 5*r + 88 = 2*o - 12, -2*r = -o + 51. Suppose -60*c + 133 = -53*c. Calculate the remainder when o is divided by c.
17
Suppose 4*g - 3*p - 2 + 7 = 0, -5*g = -p - 2. Let y(v) = 46*v**2 + v - 1. What is the remainder when y(g) is divided by 12?
10
Let f(n) = 4*n**2 - n**3 + 2*n**2 - 5*n - 1 + 2*n**2 - 9. Calculate the remainder when 10 is divided by f(7).
2
Let c(k) = 4*k - 16. Let i(z) = z**3 + 5*z**2 + 4*z + 3. Let s be i(-4). Suppose 0 = -t - 0 + s. What is the remainder when c(5) is divided by t?
1
Suppose s + 4 = 9. Calculate the remainder when 9 is divided by s.
4
Suppose 2*p = p + 10. Suppose -10 = -4*a + 6. Calculate the remainder when p is divided by a.
2
Let r = 29 - 1. Calculate the remainder when 139 is divided by r.
27
Let c = -15 + 17. Suppose -x - c*v + 3 = 0, -4*x + 4*v = v - 12. What is the remainder when 11 is divided by x?
2
Let k(h) = h**2 - h + 2. Calculate the remainder when 455/42 - (-1)/6 is divided by k(2).
3
What is the remainder when 6 is divided by 20/(2 - -2) - 1?
2
Suppose 10 = -3*t + 85. Let x = 50 - 36. What is the remainder when t is divided by x?
11
Suppose -53 = 3*r - 4*r + k, -2*r + k = -111. What is the remainder when 114 is divided by r?
56
Let k(c) = -20*c - 4. What is the remainder when 136 is divided by k(-2)?
28
Let d be (-2)/(-7) - 30/7. Let n be 835/10 - (-2)/d. Calculate the remainder when 58 is divided by n/4 + (-9)/12.
18
Let g = 6 + -4. Suppose 5*u - 32 = -g. Suppose -u*l = -l - 10. What is the remainder when 2 is divided by l?
0
Let s be 4*-15*(-6)/(-8). Let b = s - -65. Calculate the remainder when b is divided by 7.
6
Let u(s) = 3*s. What is the remainder when 4/6 - 200/(-6) is divided by u(6)?
16
Let m = -11 - -18. Let j(r) = -r**3 + 6*r**2 - r - 1. Calculate the remainder when j(4) is divided by m.
6
Suppose 10*p = 31 + 79. What is the remainder when 40 is divided by p?
7
Suppose 4 = -4*b - 0. What is the remainder when 2068/77 - b/7 is divided by 10?
7
What is the remainder when (-73)/(-2) + 6/4 is divided by (85/15 - -3) + 2/(-3)?
6
Let h = -5 - -7. What is the remainder when h + -5 - (3 - 40) is divided by 11 + (2 - 4 - -3)?
10
Let o be (-1)/((-10)/(-6) + -2). Suppose 0 = 2*m - o*m + 32. Calculate the remainder when m is divided by 11.
10
Let w(i) = i**3 + 7*i**2 + 6*i - 1. Let u be -1 - (-1 + -1) - 6. What is the remainder when 56 is divided by w(u)?
18
Suppose -3 = -c + 3*u, 4*c + 4*u = -2 - 2. Suppose c*r + y - 13 = -5*r, 5 = r - y. Suppose -r*i = i - 56. Calculate the remainder when 40 is divided by i.
12
Let r be (15/(-9))/(3/(-36)). Suppose 2*y - 4*x = -x + r, -3*x - 40 = -4*y. Suppose 0 = t - 5*t + 72. What is the remainder when t is divided by y?
8
Suppose -t = -4*t + 42. Suppose 4*k = -3*o - 190, -4*k - 295 = 4*o - 7*k. Let n = o - -111. What is the remainder when n is divided by t?
13
Let a(h) = 5*h - 8. Calculate the remainder when 159 is divided by a(8).
31
Let x(l) = l**3 - l**2 - 3*l - 1. Let j be x(3). Suppose -m - t + 6 = 0, 2*m - t = j + 16. What is the remainder when m is divided by 4?
2
Let g(m) = m**2 - 2*m - 3. Let a be g(5). Suppose 0 = -5*w - a + 107. Calculate the remainder when w is divided by 10.
9
Suppose 2*y = -2*a + 3*a + 42, -73 = -3*y + 4*a. What is the remainder when 37 is divided by y?
18
Let q be -2*(-11)/4*2. Let x = 1 + q. What is the remainder when (x/(-15))/(4/(-10)) is divided by 2?
0
Let x = 31 + -24. What is the remainder when 25 is divided by x?
4
Let p be 3 + 3 + (-9)/1. Let k be 2/(-3*p/18). Suppose -4*g = -4*d - 160, 0 = -g - 6*d + k*d + 34. What is the remainder when g is divided by 20?
18
Suppose 0*q + 192 = -6*q. What is the remainder when 112 is divided by (171/12)/((-12)/q)?
36
Let b(v) = -v**3 + 20*v**2 + 20*v + 28. Calculate the remainder when 33 is divided by b(21).
5
Suppose -7*b + 12 = -4*b. Calculate the remainder when (-28)/6*(-5 + 2) is divided by b.
2
Calculate the remainder when 9 is divided by (-2)/(-8) + 21/12.
1
Suppose 4*h = -h - 15, -2*n - 4*h - 18 = 0. Suppose -2*k - 2*k - 20 = 0, -7 = 2*q + 5*k. What is the remainder when 6 + n + 0 + 23 is divided by q?
8
Suppose a + 3*r - 74 = 0, 5*r - 3*r + 108 = 2*a. Suppose 5*i - a = 171. What is the remainder when i is divided by 16?
14
Let a = 41 - 23. What is the remainder when a is divided by 5?
3
Let d(s) = 6*s + 1. What is the remainder when d(4) is divided by ((-4)/10)/(20/(-450))?
7
Suppose 0 = -2*z + 13 + 7. Calculate the remainder when 39 is divided by z.
9
Let i(l) = l - 1. Let h be i(1). Suppose g = -h*g - 4. Let k = 9 - g. What is the remainder when k is divided by 5?
3
Let a = 60 - -11. What is the remainder when a is divided by (-90)/(-4)*(-8)/(-10)?
17
Let v(j) = -10*j - 2. Suppose 0*y - y - 1 = 0. What is the remainder when v(y) is divided by 3?
2
Suppose -2*g - 30 = -5*w, -5*g = -0*w - 5*w + 45. Calculate the remainder when 13 is divided by w.
1
Suppose 4*o = 4*s - 88, s - 5*o + 1 = 7. What is the remainder when 101 is divided by s?
23
Let o(r) = 14*r + 1. Let i(b) = -b**3 - b**2 - b + 1. Let h be 0/2*(-2)/6. Let z be i(h). What is the remainder when 29 is divided by o(z)?
14
Suppose 2*m = -2